s the greatest common factor of x and c?
1
Let w(q) = 21*q**2 + q + 3. Let n be w(-2). Suppose 0 = 7*o - 185 - 53. What is the highest common factor of o and n?
17
Suppose 4*h - 3*g = 771, -2*h - 13*g + 12*g = -383. What is the highest common factor of 36 and h?
12
Let z be (-44)/(-154) - ((-3580)/14 - 2). Calculate the highest common divisor of 36 and z.
6
Let l = 367 + -127. What is the highest common factor of l and 96?
48
Let g(z) be the second derivative of z**3/3 - 9*z**2/2 - 3*z. Let f be g(11). What is the greatest common divisor of f and 104?
13
Let u(y) = -27*y + 6. Suppose -5*s - 6 = -2*s. Let q be u(s). Let h be (6/9)/(2/45). What is the highest common factor of q and h?
15
Suppose -4*s - 31 = -h + 17, -42 = -h - 2*s. What is the greatest common factor of 8 and h?
4
Let d be -6*1*2001/(-58). Calculate the greatest common divisor of d and 36.
9
Let k(u) = -u**3 + 7*u**2 - 10. Let p be k(5). Let g(j) = -j**3 + 4*j**2 - j + 4. Let y be g(3). Calculate the greatest common divisor of p and y.
10
Let t(r) = 81*r - 329. Let y be t(5). Let o(l) = -21*l**3 + l**2 + l. Let b be o(-1). Let m = y - b. Calculate the greatest common divisor of 11 and m.
11
Let i be ((-30)/(-24))/((-3)/(-144)). What is the highest common divisor of i and 1020?
60
Suppose 4*j + 492 = 2*a, -4*j + 276 = -a + 2*a. What is the highest common divisor of 16 and a?
16
Let z(c) = c**2 - 3*c - 10. Let d be z(-3). What is the greatest common factor of d and 10?
2
Let l(f) = -f**3 + 38*f**2 + 123*f + 80. Let y be l(41). Suppose 5*a - 4*u = 92, 0 = 3*a + u - 60 + 15. What is the greatest common factor of y and a?
16
Suppose 4*k + 2*a - 2240 = 1046, 814 = k - a. Calculate the greatest common factor of k and 63.
63
Suppose r - 149 = 457. What is the highest common factor of r and 6?
6
Suppose 0*g - 20 = -5*g. Let d(v) = 118*v + 4 + g - 2. Let p be d(2). What is the greatest common divisor of p and 22?
22
Suppose 0 = -4*v + 12. Suppose v*a - 157 = 4*p - 40, 2*a - 3*p - 79 = 0. What is the greatest common factor of a and 7?
7
Let p be (-8720)/(-1120) - 12/(-56). Let d = 0 + 3. Suppose 3*t = d*s - 204, -s + 2*t + t = -76. What is the highest common divisor of p and s?
8
Suppose -3*p = -5*a - 164 - 129, -2*a = -p + 98. What is the highest common divisor of p and 276?
12
Suppose -542 = -3*b - 5*r + 130, 0 = 5*b - 5*r - 1120. Calculate the highest common factor of b and 14.
14
Let i = 16 + -13. Suppose -g = i*g - 220. What is the greatest common divisor of 22 and g?
11
Let b(j) = j**3 - 11*j**2 - 10*j - 5. Let t be b(12). Suppose -n - 3*n - 3*p = -25, -n = 5*p - t. Calculate the highest common divisor of n and 4.
4
Let r = -7 - -19. Let z be 2/8 + 108/(-48) + 6. Suppose 0 = 5*b + 20, -z*t + 0*b + b + r = 0. What is the greatest common divisor of 10 and t?
2
Suppose 4*w = -w + 45. Let j = 16 - w. Let x be (-272)/(-28) - (-2)/j. Calculate the highest common divisor of 30 and x.
10
Suppose 48*w + 1476 = 60*w. Calculate the highest common factor of w and 205.
41
Let q be 980/15 + 2/3. Calculate the greatest common divisor of 6 and q.
6
Let r(k) = k + 3. Let l be r(7). Let a be 0*(5 + -10)/10 - -90. Calculate the highest common divisor of a and l.
10
Suppose 22*g - 20*g - 4 = 0. Suppose 0 = g*j - 3 - 9. Calculate the greatest common divisor of j and 6.
6
Suppose i - 3*n - 5 = 0, -4*i - 10 = 4*n + 18. Let u be (-6)/(-21) + i*(-138)/28. Suppose 0 = -3*l + 7 + 17. Calculate the greatest common divisor of l and u.
4
Suppose 0 = -4*l - 5*p + 3609, 3*p + 2673 = 3*l - 0*l. Suppose -4*g + l = 4*g. What is the highest common factor of 14 and g?
14
Let i be ((-18)/(-15))/(2/25). Let l be (i/(-10))/((-6)/272). Suppose c - 127 = -110. Calculate the greatest common factor of c and l.
17
Suppose 66 = -5*s + 1. Let v = 17 + s. What is the highest common factor of v and 36?
4
Let c be ((-26)/(-5))/(1/10). Let b be ((-1)/(-3))/(1/6). Suppose -b*m = m - 234. What is the highest common factor of c and m?
26
Let z = -259 - -619. Calculate the greatest common factor of 80 and z.
40
Let p = 683 + -571. Let t = 38 + -10. What is the highest common divisor of t and p?
28
Let g(x) = x**3 + 16*x**2 + 27*x - 11. Let m be g(-14). What is the highest common factor of 87 and m?
3
Let n(y) be the first derivative of y**4/4 + 8*y**3/3 + 5*y**2/2 - 7. Let b be n(-7). What is the highest common factor of 112 and b?
14
Let g = 76 + 1. Let r(s) = 2*s**3 - 2*s - 1. Let q be r(2). What is the greatest common divisor of g and q?
11
Suppose 2*i + 4 = 0, 4*a + 17*i = 19*i + 1156. What is the greatest common factor of a and 90?
18
Let x be (60/9)/(4 - 50/15). Calculate the highest common factor of x and 640.
10
Suppose 4 = 4*x - 16. Suppose 0 = -2*z - 94*i + 91*i + 50, 0 = 4*z - 3*i - 100. What is the highest common factor of x and z?
5
Let g = -29 - -92. What is the highest common divisor of g and 54?
9
Let m = -300 - -532. Let g = m + -147. Suppose 0 = -3*j - 5 + 56. What is the highest common divisor of j and g?
17
Let a be (2 + 35/(-21))*51. Suppose -2*f - 5*m - 4 + 16 = 0, 0 = -5*f - 4*m + 30. Suppose -k = -f*k + 340. What is the greatest common factor of k and a?
17
Let b(m) = -39*m - 29. Let n be b(-1). Calculate the greatest common divisor of n and 590.
10
Suppose -214 = 6*c - 34. Let y = c - -52. What is the highest common factor of y and 11?
11
Let a(x) = -19*x - 126. Let r be a(-14). What is the highest common divisor of 40 and r?
20
Let l be (-1 - 0)/(((-150)/792)/25). Calculate the highest common divisor of l and 24.
12
Suppose 109*v - 7420 = 95*v. What is the highest common divisor of v and 5?
5
Suppose 3*m = -5*d - 19, 5*m - 25 = 4*d - d. Suppose 2*z + 44 = 2*x - m*z, -z + 88 = 4*x. Calculate the greatest common divisor of x and 33.
11
Let m(o) = 9*o**2 - 27*o + 65. Let i be m(-13). What is the highest common divisor of 149 and i?
149
Let t = 21 - 16. Let g(y) = y**3 - 5*y**2 + y. Let w be g(t). Suppose -90 = -5*x - 15. What is the highest common factor of w and x?
5
Let c = 754 - 166. Calculate the greatest common divisor of 21 and c.
21
Suppose 2*d - 3*w + 24 = -3, -24 = 2*d - 2*w. Let b be ((-28)/6)/(3/d). What is the greatest common factor of 126 and b?
14
Let t(f) = -f**2 + 13*f - 42. Let c be t(7). Suppose i + 3*x = 356, c*i = 3*i - 3*x - 1020. Calculate the greatest common divisor of 43 and i.
43
Let v(s) = 4*s - 3. Let g be v(1). Suppose 3*p - g = 2*p, p + 249 = 5*c. What is the greatest common factor of 10 and c?
10
Let w(r) = -31*r + 2. Let f be w(-4). Let t be (-5 - 1)/(36/(-108)). Calculate the highest common factor of t and f.
18
Let h be (-3 - (-105)/(-20))*-8. Suppose -c = -7*c + h. What is the highest common factor of 77 and c?
11
Let k(s) = -5*s + s - 7 + 2*s. Let y be k(-8). Calculate the greatest common factor of y and 1.
1
Let g be (-1)/4 + 706/8. Let t(j) = j**3 + 15*j**2 + 20*j + 8. Let z be t(-14). Let l be (-6)/(-8) + (-779)/z. What is the greatest common factor of g and l?
11
Let d be (10 - 11) + (-6)/2. Let n be -1 + (-639)/(-7) - d/(-14). Calculate the highest common divisor of 36 and n.
18
Suppose 3 = r - 0. Suppose -6 = -3*y - 3, 4*y = o - r. Let b be (20/6)/(o/84). What is the greatest common factor of b and 5?
5
Let h be (0 - -4)*2/4. Suppose 0 = 4*g - 2*m + m - 72, 2*g = h*m + 42. Let c(l) = -17*l - 17. Let b be c(-4). Calculate the highest common divisor of b and g.
17
Let r(z) = -2*z + 50. Let w be r(0). Let y be (-3 - -1)/(6/(-270)). Let h = y - w. What is the greatest common divisor of h and 8?
8
Let o(c) = 4*c - 5*c - 1 + 0*c**2 - c**2 + 6*c. Let v be o(5). Let b be 4/1*(v + 2). What is the greatest common divisor of b and 6?
2
Suppose 10*q - 15*q = -15. Suppose y - q*s + 3 - 16 = 0, 3*y + 5*s = 53. What is the highest common factor of y and 4?
4
Suppose 4*n = t + 95, -n + 6 + 16 = -2*t. Let x = n + 13. Calculate the highest common factor of x and 148.
37
Suppose 3*x = -3, -8*x = -v - 10*x + 30. What is the highest common divisor of 1872 and v?
16
Let n = -213 + 275. Suppose 4*i = 3*i + 31. What is the greatest common factor of i and n?
31
Suppose -284 = -2*g - 182. What is the greatest common divisor of 204 and g?
51
Suppose 0 = -3*m + 15, -2*s = -m - 90 - 7. What is the greatest common divisor of s and 17?
17
Let y be 3/4 + 123/12. Suppose h + 7 = y. Suppose -4*m + 9*m = 